ctor of 1654?
False
Does 42 divide 9037?
False
Is 41 a factor of 2132?
True
Is 10 a factor of 108?
False
Is 23120 a multiple of 16?
True
Does 33 divide 357?
False
Is 228 a multiple of 27?
False
Is 12 a factor of 70908?
True
Does 9 divide 4181?
False
Is 34077 a multiple of 37?
True
Does 56 divide 6384?
True
Does 42 divide 2732?
False
Does 12 divide 4522?
False
Does 24 divide 11568?
True
Is 51895 a multiple of 68?
False
Does 158 divide 2911?
False
Is 71981 a multiple of 20?
False
Does 5 divide 3767?
False
Is 142 a factor of 10509?
False
Does 12 divide 428?
False
Is 26 a factor of 20956?
True
Does 23 divide 65877?
False
Does 20 divide 60?
True
Is 11 a factor of 913?
True
Is 226 a factor of 20566?
True
Is 10 a factor of 120?
True
Is 22420 a multiple of 190?
True
Does 5 divide 30210?
True
Is 133 even?
False
Is 5 a factor of 3492?
False
Does 9 divide 1863?
True
Is 23 a factor of 2460?
False
Is 1167 a multiple of 56?
False
Is 363 a multiple of 4?
False
Does 6 divide 1908?
True
Is 26 a factor of 495?
False
Does 22 divide 2975?
False
Is 2822 a multiple of 24?
False
Is 3 a factor of 85?
False
Is 15035 a multiple of 97?
True
Is 2782 a multiple of 110?
False
Is 11 a factor of 4287?
False
Does 19 divide 608?
True
Is 23 a factor of 10212?
True
Is 4732 a multiple of 169?
True
Is 3492 a multiple of 36?
True
Is 3685 a multiple of 55?
True
Does 185 divide 7585?
True
Does 65 divide 15015?
True
Does 40 divide 56043?
False
Does 97 divide 2619?
True
Is 1032 a multiple of 24?
True
Does 3 divide 710?
False
Is 16 a factor of 20140?
False
Is 56 a factor of 28840?
True
Is 47 a factor of 61?
False
Is 17 a factor of 30753?
True
Is 61173 a multiple of 63?
True
Does 67 divide 262?
False
Is 2100 a multiple of 175?
True
Is 60 a multiple of 6?
True
Does 23 divide 368?
True
Is 12075 a multiple of 21?
True
Does 18 divide 175?
False
Is 6888 a multiple of 18?
False
Is 1291 a multiple of 120?
False
Is 752 a multiple of 16?
True
Does 18 divide 396?
True
Does 20 divide 12383?
False
Is 15932 a multiple of 14?
True
Is 215 a multiple of 17?
False
Is 49 a factor of 18277?
True
Is 8 a factor of 39936?
True
Is 12 a factor of 16991?
False
Does 15 divide 303?
False
Is 107730 a multiple of 95?
True
Is 25890 a multiple of 20?
False
Is 5 a factor of 155?
True
Does 5 divide 570?
True
Is 344 a multiple of 20?
False
Is 3893 a multiple of 17?
True
Is 959 a multiple of 9?
False
Does 15 divide 540?
True
Is 109 a factor of 12020?
False
Does 76 divide 23332?
True
Does 69 divide 6328?
False
Is 224 a multiple of 5?
False
Is 73 a factor of 64770?
False
Is 16992 a multiple of 27?
False
Is 788 a multiple of 20?
False
Is 21 a factor of 882?
True
Is 19 a factor of 21?
False
Is 300 a multiple of 25?
True
Is 1209 a multiple of 40?
False
Is 135 a factor of 810?
True
Is 490 a multiple of 14?
True
Does 129 divide 3211?
False
Is 748 a multiple of 17?
True
Is 22 a factor of 1336?
False
Does 52 divide 2404?
False
Is 55268 a multiple of 41?
True
Is 21231 a multiple of 16?
False
Does 14 divide 11228?
True
Is 4858 a multiple of 7?
True
Is 12 even?
True
Does 2 divide 3617?
False
Is 3 a factor of 7026?
True
Is 29 a factor of 6598?
False
Is 4152 a multiple of 24?
True
Does 25 divide 7223?
False
Does 5 divide 314?
False
Is 34980 a multiple of 55?
True
Does 18 divide 1152?
True
Is 41 a factor of 3172?
False
Does 55 divide 1210?
True
Is 843 a multiple of 75?
False
Is 21 a factor of 46305?
True
Is 1894 a multiple of 41?
False
Does 20 divide 1174?
False
Does 68 divide 748?
True
Does 10 divide 4853?
False
Is 4268 a multiple of 69?
False
Is 2 a factor of 116?
True
Does 48 divide 37392?
True
Does 4 divide 7428?
True
Is 930 a multiple of 3?
True
Is 3080 a multiple of 6?
False
Is 17 a factor of 316?
False
Is 11 a factor of 103?
False
Is 31 a factor of 1178?
True
Is 13 a factor of 6806?
False
Does 174 divide 7951?
False
Does 32 divide 972?
False
Does 67 divide 5141?
False
Does 26 divide 1993?
False
Is 1435 a multiple of 41?
True
Does 25 divide 977?
False
Is 12 a factor of 164?
False
Is 67 a multiple of 7?
False
Is 27869 a multiple of 3?
False
Is 1159 a multiple of 56?
False
Is 129 a multiple of 3?
True
Is 2913 a multiple of 3?
True
Is 94 a multiple of 94?
True
Is 680 a multiple of 4?
True
Is 18504 a multiple of 36?
True
Does 64 divide 512?
True
Is 29 a factor of 4606?
False
Is 54 a factor of 3618?
True
Is 118 a factor of 186?
False
Is 26025 a multiple of 25?
True
Does 15 divide 5861?
False
Is 2050 a multiple of 25?
True
Does 17 divide 435?
False
Is 1139 a multiple of 28?
False
Is 266 a multiple of 51?
False
Is 5156 a multiple of 55?
False
Is 351 a multiple of 18?
False
Is 1414 a multiple of 7?
True
Is 3072 a multiple of 24?
True
Is 1104 a multiple of 20?
False
Is 5 a factor of 365?
True
Does 2 divide 363?
False
Is 552 a multiple of 24?
True
Is 15304 a multiple of 8?
True
Does 85 divide 59415?
True
Is 11 a factor of 836?
True
Does 5 divide 334?
False
Does 17 divide 1244?
False
Is 1322 a multiple of 21?
False
Is 83080 a multiple of 56?
False
Is 8 a factor of 1328?
True
Is 49 a factor of 4165?
True
Is 36 even?
True
Is 11 a factor of 31059?
False
Is 143320 a multiple of 30?
False
Is 12 a factor of 2724?
True
Is 3 a factor of 2172?
True
Does 28 divide 427?
False
Is 29 a factor of 5684?
True
Is 834 a multiple of 6?
True
Is 5488 a multiple of 98?
True
Does 7 divide 3960?
False
Is 86 a factor of 338?
False
Does 16 divide 656?
True
Is 2096 a multiple of 16?
True
Is 101 a factor of 75851?
True
Is 5479 a multiple of 36?
False
Is 32 a factor of 3168?
True
Is 3 a factor of 951?
True
Does 133 divide 31920?
True
Is 8 a factor of 949?
False
Is 16071 a multiple of 121?
False
Does 7 divide 344?
False
Does 20 divide 96587?
False
Does 8 divide 6358?
False
Does 2 divide 216?
True
Does 54 divide 71658?
True
Is 19754 a multiple of 118?
False
Is 25 a factor of 2575?
True
Is 3448 a multiple of 123?
False
Is 7 a factor of 16815?
False
Does 7 divide 957?
False
Does 9 divide 1874?
False
Does 117 divide 4238?
False
Does 82 divide 29356?
True
Is 2294 a multiple of 37?
True
Does 4 divide 1012?
True
Does 7 divide 826?
True
Is 1449 a multiple of 63?
True
Is 11038 a multiple of 14?
False
Is 785 a multiple of 9?
False
Is 34515 a multiple of 9?
True
Is 965 a multiple of 8?
False
Is 8 a factor of 277?
False
Does 21 divide 295?
False
Is 18834 a multiple of 219?
True
Does 35 divide 245?
True
Is 410 a multiple of 3?
False
Does 26 divide 42796?
True
Is 496 a multiple of 10?
False
Is 637 a multiple of 91?
True
Does 56 divide 1363?
False
Is 12 a factor of 7162?
False
Is 8 a factor of 66816?
True
Does 4 divide 846?
False
Is 22 a factor of 814?
True
Does 30 divide 6540?
True
Is 3808 a multiple of 68?
True
Is 100 a factor of 5400?
True
Does 22 divide 24534?
False
Is 1009 a multiple of 14?
False
Is 4369 a multiple of 17?
True
Does 24 divide 2040?
True
Does 22 divide 3588?
False
Is 383 a multiple of 28?
False
Does 14 divide 239?
False
Is 24 a factor of 5448?
True
Does 131 divide 48732?
True
Is 889 a multiple of 6?
False
Does 27 divide 3834?
True
Does 4 divide 728?
True
Does 7 divide 866?
False
Is 4 a factor of 3492?
True
Does 19 divide 4970?
False
Is 69879 a multiple of 54?
False
Does 28 divide 11620?
True
Is 2300 a multiple of 23?
True
Does 18 divide 38314?
False
Is 2860 a multiple of 44?
True
Is 860 a multiple of 14?
False
Is 6020 a multiple of 78?
False
Is 10 a factor of 42929?
False
Is 255 a multiple of 17?
True
Does 13 divide 33?
False
Does 18 divide 145?
False
Is 62 a factor of 22630?
True
Does 8 divide 910?
False
Is 461 a multiple of 26?
False
Does 38 divide 6498?
True
Is 3 a factor of 330?
True
Does 3 divide 984?
True
Is 37 a factor of 460?
False
Does 63 divide 5617?
False
Is 55 a factor of 7885?
False
Is 11 a factor of 796?
False
Does 3 divide 510?
True
Is 29 a factor of 191?
False
Is 11313 a multiple of 142?
False
Is 7194 a multiple of 109?
True
Is 180 a multiple of 5?
True
Is 12 a factor of 11004?
True
Does 43 divide 1578?
False
Is 21 a factor of 5340?
False
Is 79 a factor of 20783?
False
Does 133 divide 2926?
True
Is 97 a factor of 31711?
False
Is 16 a factor of 739?
False
Is 6970 a multiple of 29?
False
Is 13639 a multiple of 23?
True
Is 5 a factor of 5125?
True
Is 6 a factor of 198?
True
Is 18 a factor of 81792?
True
Is 8 a factor of 467?
False
Is 78744 a multip